culate the greatest common divisor of 104 and u.
13
Let c = -21 + 26. Calculate the greatest common divisor of c and 5.
5
Let y(b) = b**3 + 5*b**2 - 5*b - 1. Let x be y(-6). Let s(d) = 2*d**2 + 2*d - 7. Let v be s(x). Calculate the highest common factor of v and 11.
11
Suppose 2*r - 8 = i, 4*r = 2*r + 4*i + 20. Let w = r + 55. Suppose 6 + w = 3*o. Calculate the highest common divisor of o and 21.
21
Suppose -22*l + 270 = -20*l. Calculate the highest common divisor of l and 15.
15
Let s = 11 + -7. Let u(a) = 3*a**3 - 2*a**3 + 6*a - 3 + 3*a**2 + s*a**2. Let p be u(-5). What is the highest common factor of p and 187?
17
Let j(f) = -f**3 - f**2 - 1. Suppose 0 = -v - 2. Let q be j(v). What is the greatest common divisor of 6 and q?
3
Let c be (-6)/(4/160*-3). Calculate the highest common divisor of c and 10.
10
Let l be 56/(0 - -2) + 3 + -1. Calculate the highest common divisor of l and 12.
6
Suppose 2*p + 2*f - 36 = 0, -4*p + 7*p - 2*f - 29 = 0. Suppose -4*b + 585 = b. What is the greatest common factor of b and p?
13
Let p = 32 + 10. What is the greatest common divisor of p and 63?
21
Suppose 5*i - 47 = -3*n, -2*i + 2*n = i - 32. Let x(r) = r**3 + 9*r**2 + 7*r - 4. Let u be x(-8). Calculate the greatest common divisor of i and u.
2
Let u be -2 - 23/(-1) - -3. Let v(k) = -8*k - 3. Let w be v(-6). Let l be (-1 + 14/6)*w. What is the highest common divisor of l and u?
12
Let r = 50 - 37. Calculate the greatest common factor of 13 and r.
13
Suppose c - 8 = 3. Suppose 4*d = -5*y + 166, 0 = -2*y - 3 - 1. What is the highest common factor of c and d?
11
Suppose 6*u + 8 = 764. What is the highest common factor of 18 and u?
18
Suppose -54 = -6*v + 3*v. Let x be (6/8)/(15/(-1140)). Let j = v - x. Calculate the greatest common factor of j and 15.
15
Let z be 2/5 - 1904/(-40). What is the highest common divisor of z and 6?
6
Let y = -98 - -108. Let j(b) = 49*b**2 + b. Let t be j(1). Calculate the greatest common factor of y and t.
10
Let z = 15 - -5. What is the highest common factor of 8 and z?
4
Let b = 258 + -154. Calculate the greatest common factor of 13 and b.
13
Let d = 92 + -78. Calculate the greatest common divisor of d and 70.
14
Suppose -5*a + 4*v = -4*a - 31, -a - v = -56. Calculate the greatest common factor of a and 17.
17
Suppose 8*z = 2*z + 12. What is the greatest common factor of 3 and z?
1
Let m be 4/(-6)*3*-41. Suppose 17 - 63 = z. Let k = m + z. Calculate the greatest common factor of 24 and k.
12
Suppose -3*p = p - 72. Calculate the highest common divisor of 54 and p.
18
Suppose -n + u + 6 = 2, -2*n = 4*u - 20. Suppose 2*g + n = 4*g. Suppose 2*d = -p + 49, d - 69 = -d + 3*p. What is the highest common factor of g and d?
3
Let j = 13 - 6. Suppose -h = -2 - j. Calculate the greatest common divisor of 1 and h.
1
Suppose z + 8 = 9. Suppose -6*u + 4*s + 23 = -5*u, -3*u + 2*s = -29. What is the highest common divisor of z and u?
1
Let g be 7/((-14)/60)*-1. Let q(p) = -3*p + 5. Let c be q(-5). What is the greatest common factor of c and g?
10
Suppose -18 = -3*u - 4*x + 9, -27 = -3*u - 5*x. Calculate the greatest common factor of u and 36.
9
Let n be (-8)/(9/(-6) + 1). Suppose 3*z - 2*z - n = 0. Let q = -40 - -64. What is the highest common factor of z and q?
8
Let m be (3 + -1)/(0 - -2). Let k = 48 + -30. Let w = k + -10. What is the greatest common divisor of w and m?
1
Let q(u) = -u + 7. Let k be q(5). Let t be (-2)/k*(-6)/3. Suppose t*i - 18 = -2*b, -2*i + 5*i + b - 35 = 0. What is the highest common divisor of 65 and i?
13
Let p = -1 + 25. Suppose 2*n - 2 = -4*g, 5 = -2*g - 2*n + 1. Calculate the highest common divisor of p and g.
3
Suppose 0*j + 66 = -3*j. Let g = j + 15. Let p = g + 10. Calculate the highest common factor of p and 12.
3
Let m = -37 - -53. Let n be -8 - -8 - 8/(-1). Calculate the greatest common factor of n and m.
8
Let v(p) = 4*p**2 - 4*p + 1. Let f(d) = -d**2 + d - 1. Let r(x) = -5*f(x) - v(x). Let l be r(4). What is the greatest common divisor of 24 and l?
8
Let v = 8 - 1. Let f(z) = z**2 - z - 1. Let s be f(2). What is the greatest common divisor of s and v?
1
Let l = -77 + 84. What is the greatest common factor of 63 and l?
7
Let t = 178 - 65. Let u = 170 - t. Suppose 5*b = -2*i + 33, -38 = 5*i + 2*b - 131. Calculate the greatest common factor of i and u.
19
Suppose -5 = -2*f - 2*v - 29, 2*f = -3*v - 26. Let t = f + 7. Let l(k) = k**2 - 2*k - 4. Let r be l(t). Calculate the highest common divisor of 11 and r.
11
Suppose -4*n + 1302 = 474. Suppose -2*p - u = -49, 95 = -p + 5*p + u. Calculate the highest common divisor of p and n.
23
Suppose -4*d + q = -322, 3*d = -3*q + 224 + 10. Suppose 0 = l - 3*l + d. Calculate the greatest common divisor of 8 and l.
8
Suppose 0 = 5*h + 1 - 11. Suppose 0*x - 71 = 3*x + h*m, x - m = -17. Let c = x + 36. What is the highest common divisor of 5 and c?
5
Let r(v) = -8*v**3 + v**3 + 7*v + 5*v**3 - 5*v**2 + 9. Let l be r(-5). What is the greatest common factor of l and 9?
9
Suppose -6*t = -3*t - 45. Suppose 2*w - 4*w + z = -17, -5*z - t = 0. What is the greatest common factor of w and 28?
7
Let t be ((-2)/3)/(14/(-21)). Calculate the greatest common divisor of t and 4.
1
Let j(h) = -11*h**2 - 5*h + 17. Let m(p) = 7*p**2 + 3*p - 11. Let i(b) = 5*j(b) + 8*m(b). Let x be i(5). Calculate the greatest common factor of x and 17.
17
Suppose -25 + 10 = -3*w. Calculate the greatest common factor of w and 25.
5
Let v(o) = 9*o. Let m be v(10). What is the greatest common factor of 36 and m?
18
Let n(s) = 8*s + 12. Let r be n(12). Let y = -12 + 24. What is the highest common divisor of r and y?
12
Suppose 5*w = -15, -w = 5*h + 2*w - 11. Suppose -5*p + 13 = -h*o + o, 21 = 4*o + p. Calculate the greatest common factor of o and 44.
4
Suppose 1 = -3*r + 3*i + 10, -3*i = -5*r + 19. Suppose 5*n - 200 = n. Calculate the greatest common factor of n and r.
5
Suppose -2*i - 18 = -6*i - 2*z, 2*i = -4*z + 6. Let q = -18 - -33. Calculate the highest common divisor of q and i.
5
Let z = -1 + 7. Let c = z - 12. Let q(f) = f**2 + 4*f - 3. Let v be q(c). Calculate the highest common divisor of 72 and v.
9
Let p(b) = 6*b**3 + 2*b - 1. Let j be p(1). Suppose 4 = 8*o - 4*o. Let s = 0 + o. Calculate the greatest common factor of s and j.
1
Let j be 0/6 + 11 + -1. Calculate the greatest common factor of j and 110.
10
Suppose 4*v + 9 - 53 = 0. What is the highest common divisor of 88 and v?
11
Let n = 91 + -31. What is the greatest common divisor of 40 and n?
20
Suppose -5*l = -2*g + 96, -9 = l + g + 2*g. Let o be (-6)/l - (-22)/6. Suppose d = -o*d + 240. Calculate the highest common divisor of 12 and d.
12
Let u be 942/22 + 14/77. Calculate the greatest common divisor of 215 and u.
43
Let h(x) = -3*x**3 - x**2 - 6*x - 4. Let g be h(-2). Let r be (0 + 4)/((-4)/(-14)). Calculate the greatest common factor of g and r.
14
Let q = 13 - 8. Let y(c) = 11*c + 10. Let b be y(q). What is the greatest common factor of 26 and b?
13
Let r be (-2 + -1 + 21)*2. Let l be (-1 - 11)/((-6)/r). Let z be (-111)/(-12) - (-2)/(-8). Calculate the greatest common factor of l and z.
9
Let y(s) = 4*s - 5. Let a be y(5). What is the highest common factor of 15 and a?
15
Suppose 0 = -3*b + 78 - 18. Calculate the greatest common divisor of b and 30.
10
Let d be (1 + 0/2)*2. Suppose -d*o - 4*r + r = -31, 3*r - 47 = -4*o. What is the highest common factor of o and 8?
8
Let r be (3 + -2)*(-25)/(-5). Let m = 1 + r. What is the greatest common divisor of m and 3?
3
Let y be 7/4 - (-6)/24. Calculate the highest common factor of 18 and y.
2
Let u be 19 - -3 - (-2 + 4). Let t = -6 - -16. What is the highest common divisor of u and t?
10
Let h be 2/7 + (-95)/(-35). Let n be -2*h/6 - -6. Suppose -2*v + n*v - 21 = 0. What is the greatest common divisor of v and 56?
7
Suppose 2*h = -5*w + 7, -5*h + 8 = 4*w - h. Let y = -1 + 13. Suppose -y = -2*v + 6. Calculate the highest common divisor of v and w.
1
Let w(o) = o**2 - 6*o + 7. Let f be w(5). Calculate the highest common divisor of 22 and f.
2
Suppose -5*g = 3*v - 210, -5*v + 168 = 4*g - 2*v. Suppose -w + 0*w = -g. Let s = -6 - -12. What is the greatest common divisor of w and s?
6
Let k = -21 - -26. What is the greatest common divisor of 45 and k?
5
Let y be 48 - 1/2*-4. Calculate the highest common factor 